59923 prime?
True
Is 7952975477 a composite number?
False
Is 75363829747 a prime number?
True
Is 15914821253 prime?
True
Is 24660097433 prime?
True
Is 7597261559 a prime number?
False
Is 3022205743 a prime number?
False
Is 846771229 a prime number?
False
Is 20351133629 a prime number?
True
Is 4399800101 a composite number?
False
Is 154740517 a composite number?
False
Is 19103127809 a prime number?
False
Is 2708034647 prime?
False
Is 81110240413 composite?
True
Is 287891827 a prime number?
True
Is 16989186442 a prime number?
False
Is 725005381 prime?
False
Is 752941738 prime?
False
Is 3669151247 a prime number?
True
Is 9425790667 composite?
False
Is 3280191853 a prime number?
True
Is 258441392191 composite?
False
Is 51105625042 a prime number?
False
Is 107841061855 a composite number?
True
Is 684792103 a composite number?
False
Is 21167978759 composite?
True
Is 582744251 prime?
True
Is 89449819 prime?
False
Is 5253774907 a prime number?
True
Is 4542802023 a composite number?
True
Is 17139133709 a prime number?
True
Is 459326423 composite?
True
Is 41447037103 prime?
False
Is 44434720243 a prime number?
True
Is 33410539739 a composite number?
True
Is 3197132813 prime?
False
Is 753316531 a composite number?
True
Is 597897239 a prime number?
True
Is 56919671 a prime number?
True
Is 11380045189 a prime number?
True
Is 23072772313 a composite number?
False
Is 13752759998 prime?
False
Is 6010191073 composite?
False
Is 5312827439 composite?
False
Is 42553996967 composite?
False
Is 2770145789 a composite number?
False
Is 1328149 prime?
False
Is 1830180967 a composite number?
True
Is 40725359299 a composite number?
False
Is 4208050541 a prime number?
True
Is 2367564821 a composite number?
True
Is 33468335203 a prime number?
True
Is 33545314219 a composite number?
False
Is 1585192633 a composite number?
True
Is 606918877 composite?
False
Is 1058220059 a composite number?
True
Is 24040446491 a prime number?
False
Is 1148958563 composite?
True
Is 7700051347 a composite number?
False
Is 4276804247 a prime number?
True
Is 7174130341 a prime number?
False
Is 9954867451 a composite number?
False
Is 60875317 prime?
False
Is 49142941901 composite?
False
Is 2745372445 prime?
False
Is 45367245067 composite?
False
Is 92222188271 composite?
False
Is 89175601 a composite number?
False
Is 455538491 prime?
False
Is 1566271129 a composite number?
False
Is 50642528273 prime?
False
Is 27523974713 prime?
True
Is 93562893167 a composite number?
True
Is 911727653 prime?
True
Is 42282655994 prime?
False
Is 19930062959 composite?
True
Is 4006829647 a composite number?
False
Is 2130437561 a composite number?
True
Is 2445014843 composite?
False
Is 627704353 prime?
True
Is 4764367643 a composite number?
True
Is 1128220471 a prime number?
False
Is 50217391 a prime number?
False
Is 3148330189 a prime number?
True
Is 2791367389 a prime number?
True
Is 1150867951 a prime number?
False
Is 3450950879 composite?
True
Is 2384053851 a prime number?
False
Is 74508244817 prime?
True
Is 1209071657 a prime number?
True
Is 31836064607 a composite number?
False
Is 101165887 prime?
False
Is 28749132019 prime?
True
Is 9798996379 a prime number?
True
Is 84312737339 prime?
True
Is 14107247563 a prime number?
False
Is 11667556141 composite?
False
Is 1058265323 prime?
True
Is 3957600917 composite?
True
Is 321899759 prime?
True
Is 40398167 composite?
False
Is 1926220687 composite?
True
Is 7860985915 prime?
False
Is 892744259 a prime number?
False
Is 1683431795 composite?
True
Is 377509745 a prime number?
False
Is 1176082307 a prime number?
True
Is 1904066053 a prime number?
False
Is 201148943 a prime number?
True
Is 226170353 prime?
True
Is 672595907 prime?
True
Is 742826057 a composite number?
False
Is 2387026777 a prime number?
True
Is 1476666571 a prime number?
True
Is 22539311 prime?
False
Is 138026741 a prime number?
False
Is 2287784019 prime?
False
Is 206347541 composite?
False
Is 7093040657 a composite number?
True
Is 596222635 composite?
True
Is 125387885863 a prime number?
True
Is 4733052713 a composite number?
True
Is 156029651 composite?
False
Is 12842768603 a prime number?
False
Is 84609533 a composite number?
True
Is 49301732801 prime?
True
Is 1019575553 prime?
True
Is 3727857299 prime?
False
Is 36293687827 a composite number?
False
Is 4214570857 a composite number?
True
Is 47524793937 prime?
False
Is 992552797 prime?
False
Is 34275099181 prime?
True
Is 16533604931 prime?
True
Is 17984826037 a composite number?
True
Is 4623355523 composite?
True
Is 20052815989 a composite number?
False
Is 644350349 a composite number?
True
Is 15212726251 a prime number?
False
Is 658415587 a prime number?
True
Is 67074293663 composite?
True
Is 8113637473 prime?
True
Is 446407727 composite?
True
Is 637072523 prime?
True
Is 10037488271 composite?
False
Is 938771971 a prime number?
False
Is 13386950453 composite?
True
Is 3712469291 composite?
False
Is 1613743129 prime?
False
Is 7172678927 composite?
False
Is 3627766903 composite?
False
Is 4916119729 prime?
False
Is 52304477761 a composite number?
False
Is 9626251993 a prime number?
True
Is 821878879 prime?
False
Is 4049314831 a composite number?
False
Is 4749165697 a prime number?
True
Is 6779115593 composite?
True
Is 501080077 a prime number?
True
Is 40453769 prime?
True
Is 1348839691 a composite number?
False
Is 9079523417 a composite number?
False
Is 167851207 a prime number?
True
Is 15188014981 prime?
True
Is 318482597 a prime number?
True
Is 31895965961 prime?
True
Is 267565579 composite?
True
Is 2798727313 a composite number?
True
Is 23068987 a prime number?
True
Is 1884462373 a prime number?
False
Is 14176123651 composite?
True
Is 1928085337 a composite number?
False
Is 746912951 a composite number?
True
Is 1786761037 composite?
False
Is 935273769 composite?
True
Is 4886232653 prime?
True
Is 232774121347 a prime number?
False
Is 5328590731 prime?
True
Is 120213659 prime?
True
Is 1346309569 a prime number?
False
Is 311998109 composite?
False
Is 266492491 a composite number?
True
Is 7368920513 prime?
True
Is 40235358929 composite?
False
Is 612944093 a composite number?
False
Is 5534755171 a composite number?
True
Is 154813187 a prime number?
True
Is 24609821 a composite number?
True
Is 297171253 composite?
True
Is 25756313461 prime?
True
Is 34836541651 a prime number?
False
Is 7945591249 a prime number?
True
Is 63730896079 a prime number?
True
Is 1720338911 composite?
True
Is 120569311 prime?
True
Is 9938488321 a composite number?
True
Is 12832640159 a prime number?
False
Is 2194590949 prime?
False
Is 20425016947 a prime number?
True
Is 2529838063 a composite number?
False
Is 9372885191 a composite number?
True
Is 4788282641 a composite number?
True
Is 8475861223 composite?
True
Is 273922363259 a composite number?
False
Is 21204545458 a prime number?
False
Is 1290384653 prime?
False
Is 2682846713 a prime number?
True
Is 176664001 a composite number?
False
Is 1438933039 composite?
True
Is 32391091679 composite?
False
Is 311689921 a composite number?
True
Is 52819171 prime?
True
Is 6470277389 composite?
False
Is 2706173983 a prime number?
True
Is 200588881 composite?
False
Is 2833531847 a composite number?
False
Is 4124547133 prime?
False
Is 733451489 prime?
True
Is 3020531429 prime?
True
Is 74185633747 a composite number?
False
Is 115598617031 prime?
False
Is 624376429 prime?
False
Is 2251005289 a composite number?
True
Is 1863115259 composite?
True
Is 312307399 composite?
True
Is 1220907589 prime?
False
Is 33693925751 a composite number?
False
Is 14056100467 composite?
False
Is 428377351 a prime number?
True
Is 72959914 composite?
True
Is 6900020821 a composite number?
False
Is 2068232539 prime?
True
Is 461009767 a composite number?
False
Is 559321459 a prime number?
True
Is 489897511 a composite number?
True
Is 118200331 prime?
True
Is 19495286189 composite?
True
Is 3777604198 a composite number?
True
Is 8976082894 a prime number?
False
Is 4357118917 a prime number?
True
Is 196865569 a composite number?
False
Is 1171944617 prime?
True
Is 25811892779 composite?
False
Is 25158730477 prime?
False
Is 371480722 a composite number?
True
Is 800028241 composite?
True
Is 21733323479 a prime number?
False
Is 11359085 a composite number?
True
Is 27215493199 a 